factor of 561 and 7683813?
51
What is the highest common factor of 1757 and 58140887?
1757
What is the highest common factor of 1776 and 161434626?
222
Calculate the highest common factor of 12 and 22250220.
12
What is the greatest common factor of 1547 and 954992?
17
Calculate the highest common factor of 17 and 37547339.
17
Calculate the highest common factor of 65819805 and 90.
15
Calculate the highest common factor of 11472785 and 1355.
1355
Calculate the highest common factor of 22850 and 11810.
10
Calculate the greatest common divisor of 145 and 759181285.
145
What is the highest common divisor of 57 and 49201507?
19
Calculate the greatest common factor of 1055873 and 208.
13
What is the highest common divisor of 24 and 905803584?
24
Calculate the greatest common divisor of 74313 and 16767.
207
What is the highest common factor of 104406 and 42?
6
What is the highest common divisor of 7093794 and 4233?
51
What is the greatest common factor of 31363840 and 7490?
1070
Calculate the greatest common divisor of 40 and 77035780.
20
Calculate the greatest common divisor of 7252 and 1905278.
74
What is the greatest common divisor of 1164240 and 7007?
539
What is the highest common divisor of 72695 and 8015?
35
What is the highest common divisor of 17004880 and 1360?
80
Calculate the greatest common factor of 210856241 and 47.
47
Calculate the highest common factor of 343137463 and 43.
43
Calculate the greatest common divisor of 124256 and 42416.
176
What is the highest common factor of 1220 and 44573820?
20
Calculate the greatest common divisor of 1345914924 and 12.
12
Calculate the highest common factor of 1328426 and 242.
22
Calculate the highest common factor of 1558739 and 157157.
91
Calculate the highest common factor of 11612901 and 9.
3
What is the highest common divisor of 10944 and 31867104?
1824
Calculate the greatest common divisor of 48990770 and 272.
34
Calculate the highest common divisor of 164 and 988682897.
41
What is the greatest common factor of 1580 and 11545850?
790
Calculate the greatest common divisor of 3142863 and 198.
9
Calculate the highest common factor of 3034 and 62234.
74
What is the highest common divisor of 4999436 and 14141?
79
What is the greatest common divisor of 194 and 22477616?
194
Calculate the highest common divisor of 850248 and 40572.
1764
Calculate the greatest common divisor of 6019215 and 2760.
345
Calculate the greatest common divisor of 94177180 and 184.
92
Calculate the highest common divisor of 2805 and 887701155.
2805
What is the greatest common factor of 915594 and 39?
3
Calculate the greatest common factor of 1141858 and 22103.
23
Calculate the highest common divisor of 32361 and 1126839.
483
What is the highest common divisor of 733681 and 27937?
13
What is the highest common factor of 777082407 and 4457?
4457
What is the highest common divisor of 1248 and 6592411488?
1248
What is the highest common factor of 14325 and 51443367?
573
Calculate the highest common divisor of 2929663528 and 3608.
3608
What is the greatest common divisor of 1439088 and 76776?
168
Calculate the highest common factor of 23228048 and 1328.
1328
Calculate the greatest common factor of 6532 and 48256783.
1633
Calculate the highest common divisor of 153 and 7165211.
17
What is the greatest common divisor of 962 and 86284?
74
What is the greatest common divisor of 970 and 65072062?
194
What is the highest common factor of 186794 and 1534?
118
What is the highest common divisor of 1079808 and 2528?
32
Calculate the highest common divisor of 20412 and 5739660.
972
What is the highest common divisor of 282963786 and 28?
14
Calculate the greatest common factor of 35952795 and 12420.
3105
Calculate the highest common divisor of 7915312 and 26578.
274
What is the greatest common factor of 665754 and 1273300?
3638
What is the greatest common factor of 16 and 204659080?
8
What is the highest common divisor of 121658 and 4086884?
2062
Calculate the highest common factor of 4386 and 61422360.
102
Calculate the greatest common divisor of 73724 and 1253896.
28
What is the greatest common divisor of 2481088 and 24?
8
Calculate the greatest common factor of 54796 and 208369.
721
What is the highest common factor of 831537 and 38793?
201
What is the highest common factor of 7574476 and 1092?
364
What is the greatest common divisor of 364619547 and 538?
269
Calculate the highest common divisor of 51400 and 1825.
25
Calculate the greatest common divisor of 72 and 6554628.
36
What is the highest common factor of 10504 and 10869014?
2626
What is the greatest common divisor of 136 and 118220669?
17
Calculate the greatest common divisor of 4726590 and 2970.
330
Calculate the highest common factor of 22 and 10555699.
11
What is the highest common divisor of 1762550 and 50?
50
Calculate the greatest common factor of 3434 and 1186175.
17
What is the greatest common divisor of 23782893 and 1128?
141
What is the highest common divisor of 12039306 and 292?
146
What is the greatest common factor of 31194 and 15156?
18
What is the highest common divisor of 123744405 and 15?
15
Calculate the greatest common factor of 512 and 210848.
32
What is the greatest common divisor of 830 and 285990?
10
Calculate the highest common factor of 281816 and 656.
8
What is the highest common factor of 141657638 and 426?
142
Calculate the greatest common factor of 2380566 and 42.
6
Calculate the highest common divisor of 556606325 and 5.
5
Calculate the greatest common factor of 19223 and 303887.
409
Calculate the greatest common factor of 10840165 and 399.
133
Calculate the greatest common factor of 24548 and 1130636.
68
What is the highest common factor of 411415 and 66134?
769
Calculate the highest common factor of 1158664 and 78416.
1352
Calculate the highest common divisor of 15195489 and 179.
179
What is the highest common factor of 2983477 and 280?
7
Calculate the greatest common factor of 4490120 and 280.
40
What is the greatest common factor of 8643 and 60769?
67
Calculate the highest common factor of 1244 and 69635077.
311
What is the highest common factor of 274208 and 321442?
418
What is the highest common factor of 20280 and 147565392?
4056
What is the highest common divisor of 356140 and 12720?
20
What is the highest common divisor of 2776583 and 46?
23
What is the greatest common divisor of 2505 and 376251?
501
Calculate the highest common divisor of 849214 and 73594.
62
What is the greatest common divisor of 476 and 433084044?
68
What is the highest common divisor of 6348 and 8564?
4
Calculate the highest common divisor of 290 and 114879904.
58
What is the highest common divisor of 55817262 and 1143?
1143
What is the highest common factor of 1161273785 and 245?
245
Calculate the greatest common factor of 2618 and 247520.
238
Calculate the greatest common factor of 172247728 and 68.
4
What is the highest common divisor of 1302 and 9591722?
14
Calculate the greatest common factor of 1647 and 440847.
549
What is the greatest common factor of 11 and 70771657?
11
What is the highest common divisor of 429003072 and 1440?
288
Calculate the greatest common factor of 110 and 5474458.
22
Calculate the highest common factor of 326 and 9122.
2
What is the greatest common factor of 5820 and 585228?
12
What is the greatest common divisor of 9324090 and 2532?
1266
What is the greatest common factor of 4622415 and 4370?
95
Calculate the greatest common factor of 6858 and 44748.
18
What is the greatest common divisor of 3044775 and 9?
3
What is the highest common factor of 3152 and 3447568?
16
Calculate the highest common factor of 4 and 7081064.
4
What is the highest common factor of 20366749 and 871?
13
Calculate the highest common divisor of 1774 and 21778511.
887
What is the highest common factor of 204 and 10643676?
12
What is the greatest common factor of 144 and 28984656?
48
What is the greatest common divisor of 1489217 and 1417075?
5153
Calculate the highest common factor of 4088 and 71567448.
584
What is the greatest common divisor of 88740 and 785740?
340
What is the greatest common factor of 3759 and 360346511?
1253
Calculate the highest common factor of 596002 and 231.
11
What is the highest common factor of 15502 and 1527807361?
7751
Calculate the h